{"id":5857,"date":"2020-08-22T22:25:10","date_gmt":"2020-08-22T15:25:10","guid":{"rendered":"http:\/\/atricefieldinter.com\/?page_id=5857"},"modified":"2020-09-14T13:18:36","modified_gmt":"2020-09-14T06:18:36","slug":"parboiled-rice","status":"publish","type":"page","link":"https:\/\/ricefieldinter.com\/?page_id=5857","title":{"rendered":"PARBOILED RICE"},"content":{"rendered":"\t\t<div data-elementor-type=\"wp-page\" data-elementor-id=\"5857\" class=\"elementor elementor-5857 elementor-5647\">\n\t\t\t\t\t\t<section class=\"elementor-section elementor-top-section elementor-element elementor-element-af5b0c8 elementor-section-boxed elementor-section-height-default elementor-section-height-default\" data-id=\"af5b0c8\" data-element_type=\"section\">\n\t\t\t\t\t\t<div class=\"elementor-container elementor-column-gap-default\">\n\t\t\t\t\t<div class=\"elementor-column elementor-col-100 elementor-top-column elementor-element elementor-element-2105d0b\" data-id=\"2105d0b\" data-element_type=\"column\">\n\t\t\t<div class=\"elementor-widget-wrap elementor-element-populated\">\n\t\t\t\t\t\t<div class=\"elementor-element elementor-element-2e2a662 elementor-widget elementor-widget-heading\" data-id=\"2e2a662\" data-element_type=\"widget\" data-widget_type=\"heading.default\">\n\t\t\t\t<div class=\"elementor-widget-container\">\n\t\t\t\t\t<h2 class=\"elementor-heading-title elementor-size-default\">RIZ PARBOILED(\u00c9TUV\u00c9) <\/h2>\t\t\t\t<\/div>\n\t\t\t\t<\/div>\n\t\t\t\t\t<\/div>\n\t\t<\/div>\n\t\t\t\t\t<\/div>\n\t\t<\/section>\n\t\t\t\t<section class=\"elementor-section elementor-top-section elementor-element elementor-element-344acba elementor-section-boxed elementor-section-height-default elementor-section-height-default\" data-id=\"344acba\" data-element_type=\"section\">\n\t\t\t\t\t\t<div class=\"elementor-container elementor-column-gap-default\">\n\t\t\t\t\t<div class=\"elementor-column elementor-col-33 elementor-top-column elementor-element elementor-element-56a731c\" data-id=\"56a731c\" data-element_type=\"column\">\n\t\t\t<div class=\"elementor-widget-wrap elementor-element-populated\">\n\t\t\t\t\t\t<div class=\"elementor-element elementor-element-91c4219 elementor-widget elementor-widget-image\" data-id=\"91c4219\" data-element_type=\"widget\" data-widget_type=\"image.default\">\n\t\t\t\t<div class=\"elementor-widget-container\">\n\t\t\t\t\t\t\t\t\t\t\t\t\t\t\t<img fetchpriority=\"high\" decoding=\"async\" width=\"1024\" height=\"1024\" src=\"https:\/\/ricefieldinter.com\/wp-content\/uploads\/2020\/08\/C-PARBOILED-RICE-100-SORTEXED-1-1024x1024.png\" class=\"attachment-large size-large wp-image-5612\" alt=\"\" srcset=\"https:\/\/ricefieldinter.com\/wp-content\/uploads\/2020\/08\/C-PARBOILED-RICE-100-SORTEXED-1-1024x1024.png 1024w, https:\/\/ricefieldinter.com\/wp-content\/uploads\/2020\/08\/C-PARBOILED-RICE-100-SORTEXED-1-300x300.png 300w, https:\/\/ricefieldinter.com\/wp-content\/uploads\/2020\/08\/C-PARBOILED-RICE-100-SORTEXED-1-150x150.png 150w, https:\/\/ricefieldinter.com\/wp-content\/uploads\/2020\/08\/C-PARBOILED-RICE-100-SORTEXED-1-768x768.png 768w, https:\/\/ricefieldinter.com\/wp-content\/uploads\/2020\/08\/C-PARBOILED-RICE-100-SORTEXED-1-80x80.png 80w, https:\/\/ricefieldinter.com\/wp-content\/uploads\/2020\/08\/C-PARBOILED-RICE-100-SORTEXED-1-620x620.png 620w, https:\/\/ricefieldinter.com\/wp-content\/uploads\/2020\/08\/C-PARBOILED-RICE-100-SORTEXED-1-460x460.png 460w, https:\/\/ricefieldinter.com\/wp-content\/uploads\/2020\/08\/C-PARBOILED-RICE-100-SORTEXED-1-365x365.png 365w, https:\/\/ricefieldinter.com\/wp-content\/uploads\/2020\/08\/C-PARBOILED-RICE-100-SORTEXED-1.png 1080w\" sizes=\"(max-width: 1024px) 100vw, 1024px\" \/>\t\t\t\t\t\t\t\t\t\t\t\t\t\t\t<\/div>\n\t\t\t\t<\/div>\n\t\t\t\t\t<\/div>\n\t\t<\/div>\n\t\t\t\t<div class=\"elementor-column elementor-col-66 elementor-top-column elementor-element elementor-element-4e82978\" data-id=\"4e82978\" data-element_type=\"column\">\n\t\t\t<div class=\"elementor-widget-wrap elementor-element-populated\">\n\t\t\t\t\t\t<div class=\"elementor-element elementor-element-74b6ff3 elementor-widget elementor-widget-text-editor\" data-id=\"74b6ff3\" data-element_type=\"widget\" data-widget_type=\"text-editor.default\">\n\t\t\t\t<div class=\"elementor-widget-container\">\n\t\t\t\t\t\t\t\t\t<p>Le riz \u00e9tuv\u00e9 est l\u2019un des plus consomm\u00e9 car il permet de conserver apr\u00e8s cuisson des\u00a0grains fermes et bien\u00a0d\u00e9tach\u00e9s.<\/p>\t\t\t\t\t\t\t\t<\/div>\n\t\t\t\t<\/div>\n\t\t\t\t<div class=\"elementor-element elementor-element-7f816e9 elementor-widget elementor-widget-text-editor\" data-id=\"7f816e9\" data-element_type=\"widget\" data-widget_type=\"text-editor.default\">\n\t\t\t\t<div class=\"elementor-widget-container\">\n\t\t\t\t\t\t\t\t\t<p>Conditionnement :\u00a0 5kgs\/10kgs\/25kgs\/50kgs<\/p>\t\t\t\t\t\t\t\t<\/div>\n\t\t\t\t<\/div>\n\t\t\t\t\t<\/div>\n\t\t<\/div>\n\t\t\t\t\t<\/div>\n\t\t<\/section>\n\t\t\t\t<section class=\"elementor-section elementor-top-section elementor-element elementor-element-86d1bf1 elementor-section-boxed elementor-section-height-default elementor-section-height-default\" data-id=\"86d1bf1\" data-element_type=\"section\">\n\t\t\t\t\t\t<div class=\"elementor-container elementor-column-gap-default\">\n\t\t\t\t\t<div class=\"elementor-column elementor-col-100 elementor-top-column elementor-element elementor-element-21eb1d2\" data-id=\"21eb1d2\" data-element_type=\"column\">\n\t\t\t<div class=\"elementor-widget-wrap elementor-element-populated\">\n\t\t\t\t\t\t<div class=\"elementor-element elementor-element-7f05524 elementor-button-success elementor-align-center elementor-widget elementor-widget-button\" data-id=\"7f05524\" data-element_type=\"widget\" data-widget_type=\"button.default\">\n\t\t\t\t<div class=\"elementor-widget-container\">\n\t\t\t\t\t\t\t\t\t<div class=\"elementor-button-wrapper\">\n\t\t\t\t\t<a class=\"elementor-button elementor-button-link elementor-size-md\" href=\"?page_id=5212&#038;lang=fr\">\n\t\t\t\t\t\t<span class=\"elementor-button-content-wrapper\">\n\t\t\t\t\t\t<span class=\"elementor-button-icon\">\n\t\t\t\t<i aria-hidden=\"true\" class=\"fas fa-angle-right\"><\/i>\t\t\t<\/span>\n\t\t\t\t\t\t\t\t\t<span class=\"elementor-button-text\">Autres produits<\/span>\n\t\t\t\t\t<\/span>\n\t\t\t\t\t<\/a>\n\t\t\t\t<\/div>\n\t\t\t\t\t\t\t\t<\/div>\n\t\t\t\t<\/div>\n\t\t\t\t\t<\/div>\n\t\t<\/div>\n\t\t\t\t\t<\/div>\n\t\t<\/section>\n\t\t\t\t<\/div>\n\t\t","protected":false},"excerpt":{"rendered":"<p class=\"tx-excerpt\">RIZ PARBOILED(\u00c9TUV\u00c9) Le riz \u00e9tuv\u00e9 est l\u2019un des plus consomm\u00e9 car il permet de conserver apr\u00e8s cuisson des\u00a0grains fermes et bien\u00a0d\u00e9tach\u00e9s. Conditionnement :\u00a0 5kgs\/10kgs\/25kgs\/50kgs Autres produits<\/p>","protected":false},"author":1,"featured_media":0,"parent":0,"menu_order":0,"comment_status":"closed","ping_status":"closed","template":"","meta":{"footnotes":""},"class_list":["post-5857","page","type-page","status-publish","hentry"],"_links":{"self":[{"href":"https:\/\/ricefieldinter.com\/index.php?rest_route=\/wp\/v2\/pages\/5857","targetHints":{"allow":["GET"]}}],"collection":[{"href":"https:\/\/ricefieldinter.com\/index.php?rest_route=\/wp\/v2\/pages"}],"about":[{"href":"https:\/\/ricefieldinter.com\/index.php?rest_route=\/wp\/v2\/types\/page"}],"author":[{"embeddable":true,"href":"https:\/\/ricefieldinter.com\/index.php?rest_route=\/wp\/v2\/users\/1"}],"replies":[{"embeddable":true,"href":"https:\/\/ricefieldinter.com\/index.php?rest_route=%2Fwp%2Fv2%2Fcomments&post=5857"}],"version-history":[{"count":0,"href":"https:\/\/ricefieldinter.com\/index.php?rest_route=\/wp\/v2\/pages\/5857\/revisions"}],"wp:attachment":[{"href":"https:\/\/ricefieldinter.com\/index.php?rest_route=%2Fwp%2Fv2%2Fmedia&parent=5857"}],"curies":[{"name":"wp","href":"https:\/\/api.w.org\/{rel}","templated":true}]}}